d by 819.
8
Calculate the remainder when 5186 is divided by 5149.
37
Calculate the remainder when 497 is divided by 237.
23
Calculate the remainder when 69620 is divided by 159.
137
What is the remainder when 786707 is divided by 533?
532
What is the remainder when 4380866 is divided by 10?
6
Calculate the remainder when 19610 is divided by 66.
8
What is the remainder when 19905 is divided by 882?
501
Calculate the remainder when 173830 is divided by 12.
10
Calculate the remainder when 6009 is divided by 74.
15
What is the remainder when 4773 is divided by 951?
18
What is the remainder when 137264 is divided by 186?
182
What is the remainder when 167434 is divided by 728?
722
What is the remainder when 8889 is divided by 165?
144
What is the remainder when 9506 is divided by 1899?
11
What is the remainder when 172605 is divided by 14?
13
What is the remainder when 19716 is divided by 163?
156
Calculate the remainder when 1606 is divided by 28.
10
What is the remainder when 627431 is divided by 8?
7
What is the remainder when 35925 is divided by 20?
5
Calculate the remainder when 12832 is divided by 620.
432
Calculate the remainder when 14500 is divided by 1712.
804
Calculate the remainder when 6816 is divided by 6805.
11
Calculate the remainder when 7230 is divided by 727.
687
Calculate the remainder when 19276 is divided by 16.
12
What is the remainder when 253594 is divided by 400?
394
Calculate the remainder when 121095 is divided by 10090.
15
Calculate the remainder when 1783 is divided by 136.
15
What is the remainder when 41314 is divided by 313?
311
What is the remainder when 191 is divided by 43?
19
Calculate the remainder when 45389 is divided by 255.
254
What is the remainder when 9654 is divided by 60?
54
Calculate the remainder when 28956 is divided by 2891.
46
Calculate the remainder when 4786847 is divided by 3168.
3167
Calculate the remainder when 13239 is divided by 41.
37
Calculate the remainder when 32091 is divided by 67.
65
Calculate the remainder when 9396 is divided by 669.
30
Calculate the remainder when 1105 is divided by 6.
1
What is the remainder when 46237 is divided by 758?
757
What is the remainder when 93263 is divided by 67?
66
What is the remainder when 1117694 is divided by 269?
268
Calculate the remainder when 3550 is divided by 157.
96
Calculate the remainder when 474494 is divided by 15.
14
What is the remainder when 12652 is divided by 789?
28
Calculate the remainder when 5430 is divided by 90.
30
Calculate the remainder when 111424 is divided by 89.
85
What is the remainder when 12005 is divided by 58?
57
What is the remainder when 147933 is divided by 16?
13
Calculate the remainder when 23082 is divided by 2098.
4
What is the remainder when 5176 is divided by 209?
160
Calculate the remainder when 10133 is divided by 5061.
11
What is the remainder when 24070 is divided by 37?
20
What is the remainder when 853 is divided by 37?
2
Calculate the remainder when 5504 is divided by 100.
4
Calculate the remainder when 43338 is divided by 21632.
74
What is the remainder when 6896 is divided by 6887?
9
Calculate the remainder when 4831 is divided by 18.
7
Calculate the remainder when 25663 is divided by 12829.
5
What is the remainder when 25020 is divided by 34?
30
What is the remainder when 30911 is divided by 511?
251
Calculate the remainder when 2106 is divided by 246.
138
Calculate the remainder when 792 is divided by 90.
72
What is the remainder when 239246 is divided by 58?
54
Calculate the remainder when 1010989 is divided by 179.
176
Calculate the remainder when 52631 is divided by 201.
170
Calculate the remainder when 132733 is divided by 33183.
1
Calculate the remainder when 4463 is divided by 313.
81
What is the remainder when 80938 is divided by 570?
568
What is the remainder when 458 is divided by 265?
193
Calculate the remainder when 2637 is divided by 307.
181
What is the remainder when 427300 is divided by 386?
384
What is the remainder when 6042 is divided by 2997?
48
What is the remainder when 223683 is divided by 22365?
33
Calculate the remainder when 67 is divided by 34.
33
What is the remainder when 200113 is divided by 33351?
7
Calculate the remainder when 32957 is divided by 1574.
1477
Calculate the remainder when 122258 is divided by 21.
17
Calculate the remainder when 21530 is divided by 20.
10
Calculate the remainder when 410908 is divided by 15.
13
Calculate the remainder when 165237 is divided by 203.
198
Calculate the remainder when 10878 is divided by 3603.
69
Calculate the remainder when 948 is divided by 516.
432
What is the remainder when 58908 is divided by 206?
198
What is the remainder when 4811 is divided by 168?
107
Calculate the remainder when 6168 is divided by 900.
768
What is the remainder when 6943 is divided by 358?
141
Calculate the remainder when 81849 is divided by 20412.
201
What is the remainder when 13853 is divided by 13409?
444
What is the remainder when 925707 is divided by 188?
183
Calculate the remainder when 252 is divided by 100.
52
What is the remainder when 4408 is divided by 57?
19
Calculate the remainder when 5431 is divided by 97.
96
Calculate the remainder when 370 is divided by 23.
2
What is the remainder when 2561 is divided by 1005?
551
What is the remainder when 1157 is divided by 50?
7
What is the remainder when 6393 is divided by 2931?
531
Calculate the remainder when 13062 is divided by 73.
68
What is the remainder when 191397 is divided by 435?
432
What is the remainder when 9261 is divided by 147?
0
Calculate the remainder when 1320 is divided by 1228.
92
Calculate the remainder when 95148 is divided by 15852.
36
What is the remainder when 14156 is divided by 60?
56
What is the remainder when 32491 is divided by 1044?
127
What is the remainder when 23889 is divided by 747?
732
What is the remainder when 95295 is divided by 640?
575
Calculate the remainder when 11800 is divided by 190.
20
Calculate the remainder when 18578 is divided by 6.
2
Calculate the remainder when 258055 is divided by 43009.
1
What is the remainder when 6269 is divided by 184?
13
Calculate the remainder when 22149 is divided by 322.
253
Calculate the remainder when 252828 is divided by 101.
25
Calculate the remainder when 9376 is divided by 1042.
1040
Calculate the remainder when 31521 is divided by 1567.
181
Calculate the remainder when 2542655 is divided by 1067.
1061
What is the remainder when 19170 is divided by 414?
126
What is the remainder when 2135 is divided by 268?
259
What is the remainder when 11071 is divided by 170?
21
What is the remainder when 632218 is divided by 41?
39
Calculate the remainder when 13423 is divided by 78.
7
What is the remainder when 38462 is divided by 73?
64
Calculate the remainder when 21445 is divided by 274.
73
What is the remainder when 8945640 is divided by 483?
480
Calculate the remainder when 1113 is divided by 5.
3
What is the remainder when 7200 is divided by 213?
171
Calculate the remainder when 5051319 is divided by 162.
159
What is the remainder when 50674 is divided by 3?
1
What is the remainder when 982 is divided by 83?
69
Calculate the remainder when 87252 is divided by 49.
32
Calculate the remainder when 97016 is divided by 4217.
25
Calculate the remainder when 10740 is divided by 413.
2
Calculate the remainder when 28938 is divided by 1073.
1040
What is the remainder when 9624 is divided by 116?
112
Calculate the remainder when 518 is divided by 53.
41
What is the remainder when 1838591 is divided by 367717?
6
What is the remainder when 61231 is divided by 13?
1
Calculate the remainder when 829558 is divided by 15.
13
Calculate the remainder when 174748 is divided by 50.
48
Calculate the remainder when 148027 is divided by 33.
22
What is the remainder when 11750 is divided by 3881?
107
Calculate the remainder when 2248246 is divided by 85.
81
Calculate the remainder when 18817 is divided by 83.
59
What is the remainder when 155709 is divided by 2595?
9
What is the remainder when 10195 is divided by 2548?
3
What is the remainder when 43707 is divided by 15?
12
What is the remainder when 118822 is divided by 283?
245
Calculate the remainder when 103928 is divided by 517.
11
What is the remainder when 446608 is divide